{"id":56,"date":"2020-08-26T08:49:19","date_gmt":"2020-08-26T08:49:19","guid":{"rendered":"http:\/\/usluge.ict-aac.hr\/udzbenik-pk\/\/?page_id=56"},"modified":"2020-09-18T06:32:40","modified_gmt":"2020-09-18T06:32:40","slug":"4-3-prepoznavanje-predsimbolicke-komunikacije","status":"publish","type":"page","link":"https:\/\/usluge.ict-aac.hr\/udzbenik-pk\/?page_id=56","title":{"rendered":"4.3 Prepoznavanje predsimboli\u010dke komunikacije"},"content":{"rendered":"\n<p>Ako dijete ima repertoar idiosinkratskih ili suptilnih komunikacijskih znakova, stru\u010dni tim trebat \u0107e potra\u017eiti pomo\u0107 dobro upu\u0107ene osobe (ili osoba) koje znaju zna\u010denje tih signala. S tom osobom ili osobama trebat se provesti intervjui u svrhu sastavljanja i dokumentiranja sveobuhvatnog popisa komunikacijskih metoda pojedinca i njihovih pretpostavljenih zna\u010denja. \u010citav je niz besplatnih <strong>kontrolnih lista i alata za vo\u0111enje razgovora u svrhu prikupljanja i dokumentiranja svih komunikacijskih pona\u0161anja<\/strong> poznatih upu\u0107enim komunikacijskim partnerima.<\/p>\n\n\n\n<div class=\"wp-block-buttons is-layout-flex wp-block-buttons-is-layout-flex\">\n<div class=\"wp-block-button\"><a class=\"wp-block-button__link has-background\" href=\"http:\/\/usluge.ict-aac.hr\/udzbenik-pk\/\/?page_id=57\" style=\"background-color:#0292cb\">DALJE<\/a><\/div>\n<\/div>\n\n\n\n<p><\/p>\n","protected":false},"excerpt":{"rendered":"<p>Ako dijete ima repertoar idiosinkratskih ili suptilnih komunikacijskih znakova, stru\u010dni tim trebat \u0107e potra\u017eiti pomo\u0107 dobro upu\u0107ene osobe (ili osoba) koje znaju zna\u010denje tih signala. S tom osobom ili osobama trebat se provesti intervjui u svrhu sastavljanja i dokumentiranja sveobuhvatnog [&hellip;]<\/p>\n","protected":false},"author":1,"featured_media":0,"parent":52,"menu_order":0,"comment_status":"closed","ping_status":"closed","template":"","meta":{"footnotes":""},"tags":[],"class_list":["post-56","page","type-page","status-publish","hentry"],"_links":{"self":[{"href":"https:\/\/usluge.ict-aac.hr\/udzbenik-pk\/index.php?rest_route=\/wp\/v2\/pages\/56","targetHints":{"allow":["GET"]}}],"collection":[{"href":"https:\/\/usluge.ict-aac.hr\/udzbenik-pk\/index.php?rest_route=\/wp\/v2\/pages"}],"about":[{"href":"https:\/\/usluge.ict-aac.hr\/udzbenik-pk\/index.php?rest_route=\/wp\/v2\/types\/page"}],"author":[{"embeddable":true,"href":"https:\/\/usluge.ict-aac.hr\/udzbenik-pk\/index.php?rest_route=\/wp\/v2\/users\/1"}],"replies":[{"embeddable":true,"href":"https:\/\/usluge.ict-aac.hr\/udzbenik-pk\/index.php?rest_route=%2Fwp%2Fv2%2Fcomments&post=56"}],"version-history":[{"count":3,"href":"https:\/\/usluge.ict-aac.hr\/udzbenik-pk\/index.php?rest_route=\/wp\/v2\/pages\/56\/revisions"}],"predecessor-version":[{"id":790,"href":"https:\/\/usluge.ict-aac.hr\/udzbenik-pk\/index.php?rest_route=\/wp\/v2\/pages\/56\/revisions\/790"}],"up":[{"embeddable":true,"href":"https:\/\/usluge.ict-aac.hr\/udzbenik-pk\/index.php?rest_route=\/wp\/v2\/pages\/52"}],"wp:attachment":[{"href":"https:\/\/usluge.ict-aac.hr\/udzbenik-pk\/index.php?rest_route=%2Fwp%2Fv2%2Fmedia&parent=56"}],"wp:term":[{"taxonomy":"post_tag","embeddable":true,"href":"https:\/\/usluge.ict-aac.hr\/udzbenik-pk\/index.php?rest_route=%2Fwp%2Fv2%2Ftags&post=56"}],"curies":[{"name":"wp","href":"https:\/\/api.w.org\/{rel}","templated":true}]}}