{"id":360,"date":"2020-08-31T09:52:47","date_gmt":"2020-08-31T09:52:47","guid":{"rendered":"http:\/\/usluge.ict-aac.hr\/udzbenik-pk\/\/?page_id=360"},"modified":"2021-04-30T16:44:51","modified_gmt":"2021-04-30T16:44:51","slug":"kratke-biografije-autora-prirucnika","status":"publish","type":"page","link":"https:\/\/usluge.ict-aac.hr\/udzbenik-pk\/?page_id=360","title":{"rendered":"Kratke biografije autora ud\u017ebenika"},"content":{"rendered":"\n<p><em>Ana-Marija Boha\u010dek<\/em>, magistra edukacijske rehabilitacije, sveu\u010dili\u0161ni specijalist rane intervenc<a>ije<\/a>, doktorski student<br>Edukacijsko-rehabilitacijski fakultet Sveu\u010dili\u0161ta u Zagrebu<\/p>\n\n\n\n<p><em>Prof. dr. sc. \u017deljka Car<\/em><\/p>\n\n\n\n<p>Fakultet elektrotehnike i ra\u010dunarstva Sveu\u010dili\u0161ta u Zagrebu<\/p>\n\n\n\n<p><\/p>\n\n\n\n<p><em>Jasminka \u010cavu\u017ei\u0107 \u010cajko<\/em>, prof. logoped, sveu\u010dili\u0161ni specijalist rane intervencije<\/p>\n\n\n\n<p>Dje\u010dji vrti\u0107 Maksimir<\/p>\n\n\n\n<p><\/p>\n\n\n\n<p><em>Izv. prof. dr. sc. Jasmina Iv\u0161ac Pavli\u0161a<\/em><\/p>\n\n\n\n<p>Edukacijsko-rehabilitacijski fakultet Sveu\u010dili\u0161ta u Zagrebu<\/p>\n\n\n\n<p><em>Ines Jagodi\u0107, mag. logopedije<\/em><\/p>\n\n\n\n<p>Centar za komunikaciju \u201cKod logopeda\u201c<\/p>\n\n\n\n<p><em>Maja Jurjak, mag. logopedije<\/em><\/p>\n\n\n\n<p>Edukacijsko-rehabilitacijski fakultet Sveu\u010dili\u0161ta u Zagrebu<\/p>\n\n\n\n<p><em>Ru\u017eica Magu\u0161i\u0107, prof. logoped<\/em><\/p>\n\n\n\n<p>Specijalna bolnica za za\u0161titu djece s neurorazvojnim i motori\u010dkim smetnjama Goljak<\/p>\n\n\n\n<p><em>Doc. dr. sc. Marina Milkovi\u0107<\/em><\/p>\n\n\n\n<p>Edukacijsko-rehabilitacijski fakultet Sveu\u010dili\u0161ta u Zagrebu<\/p>\n\n\n\n<p><em>Izv. prof. dr. sc. Renata Pinjatela<\/em><\/p>\n\n\n\n<p>Edukacijsko-rehabilitacijski fakultet Sveu\u010dili\u0161ta u Zagrebu<\/p>\n\n\n\n<p><em>Dr. sc. Patricia Politano<\/em><\/p>\n\n\n\n<p><em>Sveu\u010dili\u0161te Illinois u Chicagu, Sjedinjene Ameri\u010dke Dr\u017eave<\/em><\/p>\n\n\n\n<p><em>Klara Pop\u010devi\u0107, mag. logopedije, doktorski student<\/em><\/p>\n\n\n\n<p>Edukacijsko-rehabilitacijski fakultet Sveu\u010dili\u0161ta u Zagrebu<\/p>\n\n\n\n<p><em>Ines Rodi\u0107 Maru\u0161i\u0107, mag. logopedije<\/em><\/p>\n\n\n\n<p>Poliklinika za rehabilitaciju slu\u0161anja i govora SUVAG<\/p>\n\n\n\n<p><em>Monika Rosandi\u0107 Grgi\u0107, mag. logopedije, doktorski student<\/em><\/p>\n\n\n\n<p>Edukacijsko-rehabilitacijski fakultet Sveu\u010dili\u0161ta u Zagrebu<\/p>\n\n\n\n<p><em>Doc. dr. sc. Sanja \u0160imle\u0161a<\/em><\/p>\n\n\n\n<p>Edukacijsko-rehabilitacijski fakultet Sveu\u010dili\u0161ta u Zagrebu<\/p>\n\n\n\n<p><em>Anamaria Tomi\u0107, mag. logopedije, sveu\u010dili\u0161ni specijalist rane intervencije<\/em><\/p>\n\n\n\n<p>Fakultet za dentalnu medicinu i zdravstvo Osijek, Sveu\u010dili\u0161te J. J. Strossmayera u Osijeku<\/p>\n\n\n\n<p><em>Katarina \u0160korvaga, prof. rehabilitator<\/em><\/p>\n\n\n\n<p>Dje\u010dji vrti\u0107 Zapru\u0111e<\/p>\n\n\n\n<p><em>Matea \u017dilak, mag. ing. el. techn. inf., doktorski student<\/em><\/p>\n\n\n\n<p>Fakultet elektrotehnike i ra\u010dunarstva Sveu\u010dili\u0161ta u Zagrebu<\/p>\n","protected":false},"excerpt":{"rendered":"<p>Ana-Marija Boha\u010dek, magistra edukacijske rehabilitacije, sveu\u010dili\u0161ni specijalist rane intervencije, doktorski studentEdukacijsko-rehabilitacijski fakultet Sveu\u010dili\u0161ta u Zagrebu Prof. dr. sc. \u017deljka Car Fakultet elektrotehnike i ra\u010dunarstva Sveu\u010dili\u0161ta u Zagrebu Jasminka \u010cavu\u017ei\u0107 \u010cajko, prof. logoped, sveu\u010dili\u0161ni specijalist rane intervencije Dje\u010dji vrti\u0107 Maksimir Izv. [&hellip;]<\/p>\n","protected":false},"author":1,"featured_media":0,"parent":0,"menu_order":0,"comment_status":"closed","ping_status":"closed","template":"","meta":{"footnotes":""},"tags":[],"class_list":["post-360","page","type-page","status-publish","hentry"],"_links":{"self":[{"href":"https:\/\/usluge.ict-aac.hr\/udzbenik-pk\/index.php?rest_route=\/wp\/v2\/pages\/360","targetHints":{"allow":["GET"]}}],"collection":[{"href":"https:\/\/usluge.ict-aac.hr\/udzbenik-pk\/index.php?rest_route=\/wp\/v2\/pages"}],"about":[{"href":"https:\/\/usluge.ict-aac.hr\/udzbenik-pk\/index.php?rest_route=\/wp\/v2\/types\/page"}],"author":[{"embeddable":true,"href":"https:\/\/usluge.ict-aac.hr\/udzbenik-pk\/index.php?rest_route=\/wp\/v2\/users\/1"}],"replies":[{"embeddable":true,"href":"https:\/\/usluge.ict-aac.hr\/udzbenik-pk\/index.php?rest_route=%2Fwp%2Fv2%2Fcomments&post=360"}],"version-history":[{"count":8,"href":"https:\/\/usluge.ict-aac.hr\/udzbenik-pk\/index.php?rest_route=\/wp\/v2\/pages\/360\/revisions"}],"predecessor-version":[{"id":1760,"href":"https:\/\/usluge.ict-aac.hr\/udzbenik-pk\/index.php?rest_route=\/wp\/v2\/pages\/360\/revisions\/1760"}],"wp:attachment":[{"href":"https:\/\/usluge.ict-aac.hr\/udzbenik-pk\/index.php?rest_route=%2Fwp%2Fv2%2Fmedia&parent=360"}],"wp:term":[{"taxonomy":"post_tag","embeddable":true,"href":"https:\/\/usluge.ict-aac.hr\/udzbenik-pk\/index.php?rest_route=%2Fwp%2Fv2%2Ftags&post=360"}],"curies":[{"name":"wp","href":"https:\/\/api.w.org\/{rel}","templated":true}]}}