{"id":201,"date":"2020-08-26T09:31:40","date_gmt":"2020-08-26T09:31:40","guid":{"rendered":"http:\/\/usluge.ict-aac.hr\/udzbenik-pk\/\/?page_id=201"},"modified":"2020-09-21T13:16:08","modified_gmt":"2020-09-21T13:16:08","slug":"12-8-ict-aac-pisalica","status":"publish","type":"page","link":"https:\/\/usluge.ict-aac.hr\/udzbenik-pk\/?page_id=201","title":{"rendered":"12.8 ICT-AAC Pisalica"},"content":{"rendered":"\n<p>Aplikacija <strong>olak\u0161ava u\u010denje pravilnog pisanja velikih tiskanih slova<\/strong> (grafema) i namijenjena je djeci pred\u0161kolske i \u0161kolske dobi. Po\u010detni zaslon aplikacije nudi pregled svih velikih tiskanih slova hrvatske abecede koji slijedi aktualni kurikulum hrvatskog jezika. Odabirom pojedinog slova otvara se pregled na kojem se slovo prikazuje u punoj veli\u010dini zaslona. Na svakom slovu prikazuju se strelice koje pokazuju ispravan smjer pisanja. Povla\u010denjem prsta po strelicama dijete ispisuje odre\u0111en oblik slova te na suvremen i zabavan na\u010din svladava predvje\u0161tine pisanja. Dodatni opis se nalazi na web-stranici o aplikaciji na sjedi\u0161tu weba <a rel=\"noreferrer noopener\" href=\"http:\/\/www.ict-aac.hr\/index.php\/hr\/ict-aac-razvijene-aplikacije\/apple-ios-aplikacije\/pisalica-ios\" target=\"_blank\">Kompetencijske mre\u017ee ICT-AAC<\/a>. Aplikacija je dostupna za ure\u0111aje s operacijskim sustavima Android i iOS.<\/p>\n\n\n\n<div class=\"wp-block-image\"><figure class=\"aligncenter size-large is-resized\"><img loading=\"lazy\" decoding=\"async\" src=\"http:\/\/usluge.ict-aac.hr\/udzbenik-pk\/\/wp-content\/uploads\/2020\/09\/pisal.png\" alt=\"Su\u010delja aplikacije Pisalica\" class=\"wp-image-853\" width=\"795\" height=\"452\"\/><figcaption><strong>Slika 10.<\/strong> Su\u010delja aplikacije Pisalica<\/figcaption><\/figure><\/div>\n\n\n\n<div class=\"wp-block-buttons is-layout-flex wp-block-buttons-is-layout-flex\">\n<div class=\"wp-block-button\"><a class=\"wp-block-button__link has-background\" href=\"http:\/\/usluge.ict-aac.hr\/udzbenik-pk\/\/?page_id=202\" style=\"background-color:#0292cb\">DALJE<\/a><\/div>\n<\/div>\n","protected":false},"excerpt":{"rendered":"<p>Aplikacija olak\u0161ava u\u010denje pravilnog pisanja velikih tiskanih slova (grafema) i namijenjena je djeci pred\u0161kolske i \u0161kolske dobi. Po\u010detni zaslon aplikacije nudi pregled svih velikih tiskanih slova hrvatske abecede koji slijedi aktualni kurikulum hrvatskog jezika. Odabirom pojedinog slova otvara se pregled [&hellip;]<\/p>\n","protected":false},"author":1,"featured_media":0,"parent":173,"menu_order":0,"comment_status":"closed","ping_status":"closed","template":"","meta":{"footnotes":""},"tags":[],"class_list":["post-201","page","type-page","status-publish","hentry"],"_links":{"self":[{"href":"https:\/\/usluge.ict-aac.hr\/udzbenik-pk\/index.php?rest_route=\/wp\/v2\/pages\/201","targetHints":{"allow":["GET"]}}],"collection":[{"href":"https:\/\/usluge.ict-aac.hr\/udzbenik-pk\/index.php?rest_route=\/wp\/v2\/pages"}],"about":[{"href":"https:\/\/usluge.ict-aac.hr\/udzbenik-pk\/index.php?rest_route=\/wp\/v2\/types\/page"}],"author":[{"embeddable":true,"href":"https:\/\/usluge.ict-aac.hr\/udzbenik-pk\/index.php?rest_route=\/wp\/v2\/users\/1"}],"replies":[{"embeddable":true,"href":"https:\/\/usluge.ict-aac.hr\/udzbenik-pk\/index.php?rest_route=%2Fwp%2Fv2%2Fcomments&post=201"}],"version-history":[{"count":5,"href":"https:\/\/usluge.ict-aac.hr\/udzbenik-pk\/index.php?rest_route=\/wp\/v2\/pages\/201\/revisions"}],"predecessor-version":[{"id":1297,"href":"https:\/\/usluge.ict-aac.hr\/udzbenik-pk\/index.php?rest_route=\/wp\/v2\/pages\/201\/revisions\/1297"}],"up":[{"embeddable":true,"href":"https:\/\/usluge.ict-aac.hr\/udzbenik-pk\/index.php?rest_route=\/wp\/v2\/pages\/173"}],"wp:attachment":[{"href":"https:\/\/usluge.ict-aac.hr\/udzbenik-pk\/index.php?rest_route=%2Fwp%2Fv2%2Fmedia&parent=201"}],"wp:term":[{"taxonomy":"post_tag","embeddable":true,"href":"https:\/\/usluge.ict-aac.hr\/udzbenik-pk\/index.php?rest_route=%2Fwp%2Fv2%2Ftags&post=201"}],"curies":[{"name":"wp","href":"https:\/\/api.w.org\/{rel}","templated":true}]}}