{"id":200,"date":"2020-08-26T09:31:26","date_gmt":"2020-08-26T09:31:26","guid":{"rendered":"http:\/\/usluge.ict-aac.hr\/udzbenik-pk\/\/?page_id=200"},"modified":"2020-09-21T13:14:22","modified_gmt":"2020-09-21T13:14:22","slug":"12-7-ict-aac-jezicna-gradilica","status":"publish","type":"page","link":"https:\/\/usluge.ict-aac.hr\/udzbenik-pk\/?page_id=200","title":{"rendered":"12.7 ICT-AAC Jezi\u010dna gradilica"},"content":{"rendered":"\n<p>Namijenjena je poticanju morfolo\u0161kog razvoja djece pred\u0161kolske dobi, kako za djecu s urednim jezi\u010dnim sposobnostima, tako i za djecu s te\u0161ko\u0107ama u jezi\u010dnom razvoju. Aplikacija omogu\u0107uje korisnicima da im se na vizualno atraktivan i <strong>zabavan na\u010din pribli\u017ee gramati\u010dki morfemi za imensku i glagolsku mno\u017einu.\u00a0<\/strong> Dodatni opis aplikacije nalazi se na web-stranici o aplikaciji na sjedi\u0161tu weba <a rel=\"noreferrer noopener\" href=\"http:\/\/www.ict-aac.hr\/index.php\/hr\/ict-aac-razvijene-aplikacije\/android-aplikacije\/ict-aac-jezicna-gradilica\" target=\"_blank\">Kompetencijske mre\u017ee ICT-AAC<\/a>. Aplikacija je dostupna za ure\u0111aje s operacijskim sustavom Android.<\/p>\n\n\n\n<p>U aplikaciji je mogu\u0107e odabrati izme\u0111u triju vrsta zadataka: imenice, glagoli i igra parova. Svi zadaci vezani uz imenice i glagole potkrijepljeni su vizualnim i auditivnim podra\u017eajem. Vizualno su prikazani simboli koji predstavljaju odre\u0111eni pojam, a auditivno se reproducira zadatak i ponu\u0111eni odgovori. Te zna\u010dajke \u010dine zadatke zanimljivima i motiviraju\u0107ima, a istovremeno olak\u0161avaju usvajanje koncepta mno\u017eine. Igra parova pojavljuje se nakon odre\u0111enog broja rije\u0161enih zadataka, a mo\u017ee se pokrenuti i izravno. Prvotno je zami\u0161ljena kao nagrada za dobro rije\u0161ene zadatke vezane uz imenice ili glagole. Igra je poticajna i zabavna te poti\u010de procese pam\u0107enja. Aplikacija sadr\u017ei dinami\u010dke postavke u kojima aplikacija sama zaklju\u010duje, temeljem ugra\u0111enih mehanizama, koliko je zadataka potrebno korisniku ponuditi prema kriteriju uspje\u0161nosti rje\u0161avanja prethodnih zadataka. Ova opcija mo\u017ee se uklju\u010diti ili isklju\u010diti po potrebi.<\/p>\n\n\n\n<div class=\"wp-block-image\"><figure class=\"aligncenter size-large is-resized\"><img loading=\"lazy\" decoding=\"async\" src=\"http:\/\/usluge.ict-aac.hr\/udzbenik-pk\/\/wp-content\/uploads\/2020\/09\/egrad.png\" alt=\"Su\u010delja aplikacije Jezi\u010dna gradilica, postavke i igra parova\" class=\"wp-image-850\" width=\"758\" height=\"428\"\/><figcaption><strong>Slika 9.<\/strong> Su\u010delja aplikacije Jezi\u010dna gradilica, postavke i igra parova<\/figcaption><\/figure><\/div>\n\n\n\n<p><\/p>\n\n\n\n<div class=\"wp-block-buttons is-layout-flex wp-block-buttons-is-layout-flex\">\n<div class=\"wp-block-button\"><a class=\"wp-block-button__link has-background\" href=\"http:\/\/usluge.ict-aac.hr\/udzbenik-pk\/\/?page_id=201\" style=\"background-color:#0292cb\">DALJE<\/a><\/div>\n<\/div>\n","protected":false},"excerpt":{"rendered":"<p>Namijenjena je poticanju morfolo\u0161kog razvoja djece pred\u0161kolske dobi, kako za djecu s urednim jezi\u010dnim sposobnostima, tako i za djecu s te\u0161ko\u0107ama u jezi\u010dnom razvoju. Aplikacija omogu\u0107uje korisnicima da im se na vizualno atraktivan i zabavan na\u010din pribli\u017ee gramati\u010dki morfemi za [&hellip;]<\/p>\n","protected":false},"author":1,"featured_media":0,"parent":173,"menu_order":0,"comment_status":"closed","ping_status":"closed","template":"","meta":{"footnotes":""},"tags":[],"class_list":["post-200","page","type-page","status-publish","hentry"],"_links":{"self":[{"href":"https:\/\/usluge.ict-aac.hr\/udzbenik-pk\/index.php?rest_route=\/wp\/v2\/pages\/200","targetHints":{"allow":["GET"]}}],"collection":[{"href":"https:\/\/usluge.ict-aac.hr\/udzbenik-pk\/index.php?rest_route=\/wp\/v2\/pages"}],"about":[{"href":"https:\/\/usluge.ict-aac.hr\/udzbenik-pk\/index.php?rest_route=\/wp\/v2\/types\/page"}],"author":[{"embeddable":true,"href":"https:\/\/usluge.ict-aac.hr\/udzbenik-pk\/index.php?rest_route=\/wp\/v2\/users\/1"}],"replies":[{"embeddable":true,"href":"https:\/\/usluge.ict-aac.hr\/udzbenik-pk\/index.php?rest_route=%2Fwp%2Fv2%2Fcomments&post=200"}],"version-history":[{"count":5,"href":"https:\/\/usluge.ict-aac.hr\/udzbenik-pk\/index.php?rest_route=\/wp\/v2\/pages\/200\/revisions"}],"predecessor-version":[{"id":1296,"href":"https:\/\/usluge.ict-aac.hr\/udzbenik-pk\/index.php?rest_route=\/wp\/v2\/pages\/200\/revisions\/1296"}],"up":[{"embeddable":true,"href":"https:\/\/usluge.ict-aac.hr\/udzbenik-pk\/index.php?rest_route=\/wp\/v2\/pages\/173"}],"wp:attachment":[{"href":"https:\/\/usluge.ict-aac.hr\/udzbenik-pk\/index.php?rest_route=%2Fwp%2Fv2%2Fmedia&parent=200"}],"wp:term":[{"taxonomy":"post_tag","embeddable":true,"href":"https:\/\/usluge.ict-aac.hr\/udzbenik-pk\/index.php?rest_route=%2Fwp%2Fv2%2Ftags&post=200"}],"curies":[{"name":"wp","href":"https:\/\/api.w.org\/{rel}","templated":true}]}}