{"id":176,"date":"2020-08-26T09:24:46","date_gmt":"2020-08-26T09:24:46","guid":{"rendered":"http:\/\/usluge.ict-aac.hr\/udzbenik-pk\/\/?page_id=176"},"modified":"2021-02-16T15:33:27","modified_gmt":"2021-02-16T15:33:27","slug":"11-2-snimanje-videomodela","status":"publish","type":"page","link":"https:\/\/usluge.ict-aac.hr\/udzbenik-pk\/?page_id=176","title":{"rendered":"11.2 Snimanje videoprikaza"},"content":{"rendered":"\n<p>Snimanje modeliranog pona\u0161anje relativno je jednostavan postupak. Prije same izrade videosnimke, treba odabrati model te odrediti perspektivu snimanja. Modeli koji se snimaju kako pokazuju odre\u0111eno pona\u0161anje ili vje\u0161tinu mogu biti vr\u0161njaci, odrasle osobe, sama osoba koja poslije gleda video (videosamomodeliranje) ili animirani modeli. Perspektiva iz koje se model snima, odnosno poslije gleda, mo\u017ee biti <strong>perspektiva snimatelja ili perspektiva onoga tko modelira pona\u0161anje<\/strong>, odnosno onoga tko \u0107e to pona\u0161anje imitirati. Videomodeliranje u kojem je prikazani model odrasla osoba ili vr\u0161njak urednog razvoja najjednostavnija je metoda jer su modeli u tom slu\u010daju suradljivi i lako slijede upute o pona\u0161anju koje trebaju modelirati.<\/p>\n\n\n\n<div class=\"wp-block-image\"><figure class=\"aligncenter size-large is-resized\"><img loading=\"lazy\" decoding=\"async\" src=\"http:\/\/usluge.ict-aac.hr\/udzbenik-pk\/\/wp-content\/uploads\/2020\/09\/poglavlje-11-slika-2-1.png\" alt=\"\" class=\"wp-image-775\" width=\"960\" height=\"540\"\/><figcaption><strong>Slika 2.<\/strong> Videomodeliranje koraka tijekom igre \u010dunji\u0107ima (primjer je preuzet iz videozapisa)<\/figcaption><\/figure><\/div>\n\n\n\n<p>Videomodeliranje se iz perspektive onoga tko modelira pona\u0161anje tako\u0111er mo\u017ee prili\u010dno jednostavno izraditi. Treba samo analizirati pona\u0161anje koje \u0107e se modelirati te kamerom u razini djetetovih o\u010diju, iz njegove perspektive gledanja, snimiti svaki korak tog pona\u0161anja. Samomodeliranje je najzahtjevnije za izradu jer je snimku potrebno naknadno urediti (tako da dijete pokazuje prikladno pona\u0161anje ili vje\u0161tinu kojom u stvarnosti jo\u0161 nije ovladalo), odnosno pona\u0161anje snimati dulje vrijeme kako bi se \u201culovio\u201d rijedak trenutak u kojem dijete izvodi ciljano pona\u0161anje. Istaknuto obilje\u017eje svih oblika videomodeliranja jest pokazivanje uvijek po\u017eeljnog oblika pona\u0161anja.<\/p>\n\n\n\n<div class=\"wp-block-buttons is-layout-flex wp-block-buttons-is-layout-flex\">\n<div class=\"wp-block-button\"><a class=\"wp-block-button__link has-background\" href=\"http:\/\/usluge.ict-aac.hr\/udzbenik-pk\/\/?page_id=175\" style=\"background-color:#0292cb\">DALJE<\/a><\/div>\n<\/div>\n\n\n\n<p><\/p>\n","protected":false},"excerpt":{"rendered":"<p>Snimanje modeliranog pona\u0161anje relativno je jednostavan postupak. Prije same izrade videosnimke, treba odabrati model te odrediti perspektivu snimanja. Modeli koji se snimaju kako pokazuju odre\u0111eno pona\u0161anje ili vje\u0161tinu mogu biti vr\u0161njaci, odrasle osobe, sama osoba koja poslije gleda video (videosamomodeliranje) [&hellip;]<\/p>\n","protected":false},"author":1,"featured_media":0,"parent":174,"menu_order":0,"comment_status":"closed","ping_status":"closed","template":"","meta":{"footnotes":""},"tags":[],"class_list":["post-176","page","type-page","status-publish","hentry"],"_links":{"self":[{"href":"https:\/\/usluge.ict-aac.hr\/udzbenik-pk\/index.php?rest_route=\/wp\/v2\/pages\/176","targetHints":{"allow":["GET"]}}],"collection":[{"href":"https:\/\/usluge.ict-aac.hr\/udzbenik-pk\/index.php?rest_route=\/wp\/v2\/pages"}],"about":[{"href":"https:\/\/usluge.ict-aac.hr\/udzbenik-pk\/index.php?rest_route=\/wp\/v2\/types\/page"}],"author":[{"embeddable":true,"href":"https:\/\/usluge.ict-aac.hr\/udzbenik-pk\/index.php?rest_route=\/wp\/v2\/users\/1"}],"replies":[{"embeddable":true,"href":"https:\/\/usluge.ict-aac.hr\/udzbenik-pk\/index.php?rest_route=%2Fwp%2Fv2%2Fcomments&post=176"}],"version-history":[{"count":9,"href":"https:\/\/usluge.ict-aac.hr\/udzbenik-pk\/index.php?rest_route=\/wp\/v2\/pages\/176\/revisions"}],"predecessor-version":[{"id":1609,"href":"https:\/\/usluge.ict-aac.hr\/udzbenik-pk\/index.php?rest_route=\/wp\/v2\/pages\/176\/revisions\/1609"}],"up":[{"embeddable":true,"href":"https:\/\/usluge.ict-aac.hr\/udzbenik-pk\/index.php?rest_route=\/wp\/v2\/pages\/174"}],"wp:attachment":[{"href":"https:\/\/usluge.ict-aac.hr\/udzbenik-pk\/index.php?rest_route=%2Fwp%2Fv2%2Fmedia&parent=176"}],"wp:term":[{"taxonomy":"post_tag","embeddable":true,"href":"https:\/\/usluge.ict-aac.hr\/udzbenik-pk\/index.php?rest_route=%2Fwp%2Fv2%2Ftags&post=176"}],"curies":[{"name":"wp","href":"https:\/\/api.w.org\/{rel}","templated":true}]}}