{"id":150,"date":"2020-08-26T09:18:19","date_gmt":"2020-08-26T09:18:19","guid":{"rendered":"http:\/\/usluge.ict-aac.hr\/udzbenik-pk\/\/?page_id=150"},"modified":"2021-02-17T15:17:11","modified_gmt":"2021-02-17T15:17:11","slug":"10-socijalne-price","status":"publish","type":"page","link":"https:\/\/usluge.ict-aac.hr\/udzbenik-pk\/?page_id=150","title":{"rendered":"10.  SOCIJALNE PRI\u010cE"},"content":{"rendered":"\n<div class=\"wp-block-group\"><div class=\"wp-block-group__inner-container is-layout-flow wp-block-group-is-layout-flow\">\n<p class=\"has-text-align-right\"><strong>Jasminka \u010cavu\u017ei\u0107 \u010cajko i Sanja \u0160imle\u0161a<\/strong><\/p>\n<\/div><\/div>\n\n\n\n<hr class=\"wp-block-separator\"\/>\n\n\n\n<p id=\"evidence-based-practice\">Socijalne pri\u010de jedna su od znanstveno utemeljenih intervencija koje se naj\u010de\u0161\u0107e koriste kod djece s poreme\u0107ajem iz spektra autizma (u nastavku PSA; National Autism Center, 2015, Steinbrenner i sur., 2020). Dakle, njihova je u\u010dinkovitost utvr\u0111ena rezultatima znanstvenih istra\u017eivanja. Osmislila ih je 1993. godine Carol Gray. Pisane su i prilago\u0111ene djeci sa PSA-om, a cilj im je <strong>pobolj\u0161ati socijalne vje\u0161tine kroz podu\u010davanje primjerenih oblika pona\u0161anja u socijalnim situacijama<\/strong> (Gray, 1998). Koriste se u smanjivanju nepo\u017eeljnih pona\u0161anja te kao pomo\u0107 u razumijevanju razli\u010ditih socijalnih situacija (Ali i Frederickson, 2006).<\/p>\n\n\n\n<div class=\"wp-block-buttons is-layout-flex wp-block-buttons-is-layout-flex\">\n<div class=\"wp-block-button\"><a class=\"wp-block-button__link has-background\" href=\"http:\/\/usluge.ict-aac.hr\/udzbenik-pk\/\/?page_id=151\" style=\"background-color:#0292cb\">DALJE<\/a><\/div>\n<\/div>\n\n\n\n<p><\/p>\n","protected":false},"excerpt":{"rendered":"<p>Jasminka \u010cavu\u017ei\u0107 \u010cajko i Sanja \u0160imle\u0161a Socijalne pri\u010de jedna su od znanstveno utemeljenih intervencija koje se naj\u010de\u0161\u0107e koriste kod djece s poreme\u0107ajem iz spektra autizma (u nastavku PSA; National Autism Center, 2015, Steinbrenner i sur., 2020). Dakle, njihova je u\u010dinkovitost [&hellip;]<\/p>\n","protected":false},"author":1,"featured_media":399,"parent":0,"menu_order":0,"comment_status":"closed","ping_status":"closed","template":"","meta":{"footnotes":""},"tags":[53,52],"class_list":["post-150","page","type-page","status-publish","has-post-thumbnail","hentry","tag-poglavlje-head","tag-poglavlje10"],"_links":{"self":[{"href":"https:\/\/usluge.ict-aac.hr\/udzbenik-pk\/index.php?rest_route=\/wp\/v2\/pages\/150","targetHints":{"allow":["GET"]}}],"collection":[{"href":"https:\/\/usluge.ict-aac.hr\/udzbenik-pk\/index.php?rest_route=\/wp\/v2\/pages"}],"about":[{"href":"https:\/\/usluge.ict-aac.hr\/udzbenik-pk\/index.php?rest_route=\/wp\/v2\/types\/page"}],"author":[{"embeddable":true,"href":"https:\/\/usluge.ict-aac.hr\/udzbenik-pk\/index.php?rest_route=\/wp\/v2\/users\/1"}],"replies":[{"embeddable":true,"href":"https:\/\/usluge.ict-aac.hr\/udzbenik-pk\/index.php?rest_route=%2Fwp%2Fv2%2Fcomments&post=150"}],"version-history":[{"count":7,"href":"https:\/\/usluge.ict-aac.hr\/udzbenik-pk\/index.php?rest_route=\/wp\/v2\/pages\/150\/revisions"}],"predecessor-version":[{"id":1712,"href":"https:\/\/usluge.ict-aac.hr\/udzbenik-pk\/index.php?rest_route=\/wp\/v2\/pages\/150\/revisions\/1712"}],"wp:featuredmedia":[{"embeddable":true,"href":"https:\/\/usluge.ict-aac.hr\/udzbenik-pk\/index.php?rest_route=\/wp\/v2\/media\/399"}],"wp:attachment":[{"href":"https:\/\/usluge.ict-aac.hr\/udzbenik-pk\/index.php?rest_route=%2Fwp%2Fv2%2Fmedia&parent=150"}],"wp:term":[{"taxonomy":"post_tag","embeddable":true,"href":"https:\/\/usluge.ict-aac.hr\/udzbenik-pk\/index.php?rest_route=%2Fwp%2Fv2%2Ftags&post=150"}],"curies":[{"name":"wp","href":"https:\/\/api.w.org\/{rel}","templated":true}]}}