{"id":148,"date":"2020-08-26T09:17:54","date_gmt":"2020-08-26T09:17:54","guid":{"rendered":"http:\/\/usluge.ict-aac.hr\/udzbenik-pk\/\/?page_id=148"},"modified":"2021-02-17T15:15:29","modified_gmt":"2021-02-17T15:15:29","slug":"9-7-zakljucak","status":"publish","type":"page","link":"https:\/\/usluge.ict-aac.hr\/udzbenik-pk\/?page_id=148","title":{"rendered":"9.7 Zaklju\u010dak"},"content":{"rendered":"\n<p>Upravo zbog svoje slo\u017eenosti i slojevitosti, postupak dijagnosti\u010dke procjene kao i postupak usvajanja metoda potpomognute komunikacije mora se obuhvatiti u svim svojim aspektima (Blackstone i Hunt Berg, 2012). Drugim rije\u010dima \u2013 <strong>timski, transdisciplinarni pristup nu\u017ean je preduvjet za uspjeh u potpomognutoj komunikaciji<\/strong>.\u00a0 \u00a0\u00a0<\/p>\n\n\n\n<p>Procjena odgovaraju\u0107ih rje\u0161enja informacijsko-komunikacijske i asistivne tehnologije uklju\u010duje skup postupaka i alata \u2013 <strong>odabir odgovaraju\u0107ih ure\u0111aja<\/strong> (niskotehnolo\u0161kih i visokotehnolo\u0161kih; standardnih i\/ili posebno izra\u0111enih ili prilago\u0111enih potrebama korisnika), <strong>sadr\u017eaja komunikacijskih pomagala<\/strong> (sustava rje\u010dnika, komunikacijskih plo\u010da i setova komunikacijskih plo\u010da i odgovaraju\u0107eg na\u010dina zvu\u010dnog prijenosa komunikacijskih poruka u komunikacijskim pomagalima) te <strong>ure\u0111aja i na\u010dina pristupa komunikacijskim pomagalima.<\/strong> Nakon \u0161to se odrede navedeni parametri, va\u017eno je <strong>oblikovati metode i strategije ovladavanja metodama potpomognute komunikacije<\/strong>, upotrebe alata i komunikacijskih pomagala te <strong>implementacije \u010ditavog sustava u sve aspekte \u017eivota<\/strong> osobe koja koristi potpomognutu komunikaciju.&nbsp;&nbsp;<\/p>\n\n\n\n<p>Republika Hrvatska, kao i ve\u0107ina zemalja u kojoj je potpomognuta komunikacija podru\u010dje prakse u razvoju, treba zajedni\u010dkim snagama multidisciplinarno raditi na osiguravanju zakonske i formalne infrastrukture. Time se mo\u017ee pridonijeti zagovaranju i ostvarivanju osnovnih ljudskih prava: prava na izra\u017eavanje, samozastupanje, obrazovanje, pristup informacijama, jednostavno re\u010deno, pravo na maksimalno ostvarivanje vlastitih potencijala osoba sa slo\u017eenim komunikacijskim potrebama.<\/p>\n\n\n\n<div class=\"wp-block-buttons is-layout-flex wp-block-buttons-is-layout-flex\">\n<div class=\"wp-block-button\"><a class=\"wp-block-button__link has-background\" href=\"http:\/\/usluge.ict-aac.hr\/udzbenik-pk\/\/?page_id=909\" style=\"background-color:#0292cb\">DALJE<\/a><\/div>\n<\/div>\n\n\n\n<p><\/p>\n","protected":false},"excerpt":{"rendered":"<p>Upravo zbog svoje slo\u017eenosti i slojevitosti, postupak dijagnosti\u010dke procjene kao i postupak usvajanja metoda potpomognute komunikacije mora se obuhvatiti u svim svojim aspektima (Blackstone i Hunt Berg, 2012). Drugim rije\u010dima \u2013 timski, transdisciplinarni pristup nu\u017ean je preduvjet za uspjeh u [&hellip;]<\/p>\n","protected":false},"author":1,"featured_media":0,"parent":136,"menu_order":0,"comment_status":"closed","ping_status":"closed","template":"","meta":{"footnotes":""},"tags":[],"class_list":["post-148","page","type-page","status-publish","hentry"],"_links":{"self":[{"href":"https:\/\/usluge.ict-aac.hr\/udzbenik-pk\/index.php?rest_route=\/wp\/v2\/pages\/148","targetHints":{"allow":["GET"]}}],"collection":[{"href":"https:\/\/usluge.ict-aac.hr\/udzbenik-pk\/index.php?rest_route=\/wp\/v2\/pages"}],"about":[{"href":"https:\/\/usluge.ict-aac.hr\/udzbenik-pk\/index.php?rest_route=\/wp\/v2\/types\/page"}],"author":[{"embeddable":true,"href":"https:\/\/usluge.ict-aac.hr\/udzbenik-pk\/index.php?rest_route=\/wp\/v2\/users\/1"}],"replies":[{"embeddable":true,"href":"https:\/\/usluge.ict-aac.hr\/udzbenik-pk\/index.php?rest_route=%2Fwp%2Fv2%2Fcomments&post=148"}],"version-history":[{"count":5,"href":"https:\/\/usluge.ict-aac.hr\/udzbenik-pk\/index.php?rest_route=\/wp\/v2\/pages\/148\/revisions"}],"predecessor-version":[{"id":1710,"href":"https:\/\/usluge.ict-aac.hr\/udzbenik-pk\/index.php?rest_route=\/wp\/v2\/pages\/148\/revisions\/1710"}],"up":[{"embeddable":true,"href":"https:\/\/usluge.ict-aac.hr\/udzbenik-pk\/index.php?rest_route=\/wp\/v2\/pages\/136"}],"wp:attachment":[{"href":"https:\/\/usluge.ict-aac.hr\/udzbenik-pk\/index.php?rest_route=%2Fwp%2Fv2%2Fmedia&parent=148"}],"wp:term":[{"taxonomy":"post_tag","embeddable":true,"href":"https:\/\/usluge.ict-aac.hr\/udzbenik-pk\/index.php?rest_route=%2Fwp%2Fv2%2Ftags&post=148"}],"curies":[{"name":"wp","href":"https:\/\/api.w.org\/{rel}","templated":true}]}}