{"id":128,"date":"2020-08-26T09:11:17","date_gmt":"2020-08-26T09:11:17","guid":{"rendered":"http:\/\/usluge.ict-aac.hr\/udzbenik-pk\/\/?page_id=128"},"modified":"2021-02-17T15:01:51","modified_gmt":"2021-02-17T15:01:51","slug":"8-4-usvajanje-i-ucenje-manualnih-znakova","status":"publish","type":"page","link":"https:\/\/usluge.ict-aac.hr\/udzbenik-pk\/?page_id=128","title":{"rendered":"8.4 Usvajanje i u\u010denje manualnih znakova"},"content":{"rendered":"\n<p>U\u010denjem, odnosno usvajanjem znakova, razvija se rje\u010dnik. Zbog velikog potencijala preslikavanja oblika i zna\u010denja znaka, pove\u0107ava se i mogu\u0107nost \u201elak\u0161eg\u201c usvajanja ikoni\u010dkih znakova. Kada bi to bio slu\u010daj, onda bi djeca visoko ikoni\u010dke znakove usvajala daleko ranije od arbitrarnih, proizvoljnih znakova. <\/p>\n\n\n\n<p>Me\u0111utim, istra\u017eivanja su pokazala da ikoni\u010dki znakovi nisu osobito zastupljeni u najranijim rje\u010dnicima (prema Chen Pichler, 2012). Umjesto da se odre\u0111uje ikoni\u010dno\u0161\u0107u, sadr\u017eaj rje\u010dnika za djecu koja su izlo\u017eena znakovanju organiziran je oko <strong>semanti\u010dkih kategorija tipi\u010dnih za usvajanje prvog jezika<\/strong>. Prvi znakovi prete\u017eno su imenice i odnose se na pojmove za hranu (npr. <em>mlijeko, keks<\/em>), \u010dlanove obitelji (npr. <em>mama, tata, dijete<\/em>), imena \u017eivotinja (npr<em>. pas, ma\u010dka<\/em>), odjevne predmete (npr. <em>cipela, kapa<\/em>) i pozdrave. To bi zna\u010dilo da istim pojmovima treba izlagati dijete kojemu se nude manualni znakovi u potpomognutoj komunikaciji, a u skladu s kronolo\u0161kom i mentalnom dobi te njegovim interesom.\u00a0\u00a0<\/p>\n\n\n\n<p>Za razliku od izlo\u017eenosti prirodnom znakovnom jeziku, kada djeca u dobi od dvije godine po\u010dinju razvijati morfolo\u0161ke i sintakti\u010dke procese u nacionalnom znakovnom jeziku, a usporedive onima u govornom jeziku, kod izoliranih manualnih znakova u potpomognutoj komunikaciji takvih procesa nema. Me\u0111utim, mogu\u0107e je kombinirati znakove u vi\u0161e\u010dlane iskaze, \u0161to se mo\u017ee vidjeti u sljede\u0107im primjerima (<strong>Slike 6, 7 i 8<\/strong>).<\/p>\n\n\n\n<div class=\"wp-block-image\"><figure class=\"aligncenter size-large is-resized\"><img loading=\"lazy\" decoding=\"async\" src=\"http:\/\/usluge.ict-aac.hr\/udzbenik-pk\/\/wp-content\/uploads\/2020\/09\/Slika-6-P8a.png\" alt=\"Dje\u010da\u010di\u0107 na 2 slike pokazuje prstima kako medo jede.\" class=\"wp-image-677\" width=\"466\" height=\"315\"\/><figcaption><strong>Slika 6. <\/strong>MEDO JESTI \u201eMedo jede.\u201c<\/figcaption><\/figure><\/div>\n\n\n\n<div class=\"wp-block-image\"><figure class=\"aligncenter size-large is-resized\"><img loading=\"lazy\" decoding=\"async\" src=\"http:\/\/usluge.ict-aac.hr\/udzbenik-pk\/\/wp-content\/uploads\/2020\/09\/Slika-7-P8.png\" alt=\"Dje\u010da\u010di\u0107 na 2 slike prstima pokazuje kako sova \u010dita knjigu.\" class=\"wp-image-678\" width=\"467\" height=\"292\"\/><figcaption><strong>Slika 7. <\/strong>SOVA \u010cITATI\/KNJIGA \u201eSova \u010dita knjigu.\u201c<\/figcaption><\/figure><\/div>\n\n\n\n<div class=\"wp-block-image\"><figure class=\"aligncenter size-large is-resized\"><img loading=\"lazy\" decoding=\"async\" src=\"http:\/\/usluge.ict-aac.hr\/udzbenik-pk\/\/wp-content\/uploads\/2020\/09\/Slika-8-P8.png\" alt=\"Dje\u010da\u010di\u0107 na 2 slike pokazuje kako svinja spava.\" class=\"wp-image-681\" width=\"464\" height=\"309\"\/><figcaption><strong>Slika 8.<\/strong> SVINJA SPAVATI \u201eSvinja spava.\u201c<\/figcaption><\/figure><\/div>\n\n\n\n<p>Navedeni primjeri (<strong>Slike 6, 7 i 8<\/strong>) primjeri su pri\u010danja pri\u010de odnosno \u010ditanja slikovnice, gdje se, uz govoreni jezik popra\u0107en manualnim znakovima, poti\u010de svijest i o pisanoj rije\u010di.&nbsp;<\/p>\n\n\n\n<div class=\"wp-block-buttons is-layout-flex wp-block-buttons-is-layout-flex\">\n<div class=\"wp-block-button\"><a class=\"wp-block-button__link has-background\" href=\"http:\/\/usluge.ict-aac.hr\/udzbenik-pk\/\/?page_id=127\" style=\"background-color:#0292cb\">DALJE<\/a><\/div>\n<\/div>\n\n\n\n<p><\/p>\n","protected":false},"excerpt":{"rendered":"<p>U\u010denjem, odnosno usvajanjem znakova, razvija se rje\u010dnik. Zbog velikog potencijala preslikavanja oblika i zna\u010denja znaka, pove\u0107ava se i mogu\u0107nost \u201elak\u0161eg\u201c usvajanja ikoni\u010dkih znakova. Kada bi to bio slu\u010daj, onda bi djeca visoko ikoni\u010dke znakove usvajala daleko ranije od arbitrarnih, proizvoljnih [&hellip;]<\/p>\n","protected":false},"author":1,"featured_media":0,"parent":118,"menu_order":0,"comment_status":"closed","ping_status":"closed","template":"","meta":{"footnotes":""},"tags":[],"class_list":["post-128","page","type-page","status-publish","hentry"],"_links":{"self":[{"href":"https:\/\/usluge.ict-aac.hr\/udzbenik-pk\/index.php?rest_route=\/wp\/v2\/pages\/128","targetHints":{"allow":["GET"]}}],"collection":[{"href":"https:\/\/usluge.ict-aac.hr\/udzbenik-pk\/index.php?rest_route=\/wp\/v2\/pages"}],"about":[{"href":"https:\/\/usluge.ict-aac.hr\/udzbenik-pk\/index.php?rest_route=\/wp\/v2\/types\/page"}],"author":[{"embeddable":true,"href":"https:\/\/usluge.ict-aac.hr\/udzbenik-pk\/index.php?rest_route=\/wp\/v2\/users\/1"}],"replies":[{"embeddable":true,"href":"https:\/\/usluge.ict-aac.hr\/udzbenik-pk\/index.php?rest_route=%2Fwp%2Fv2%2Fcomments&post=128"}],"version-history":[{"count":6,"href":"https:\/\/usluge.ict-aac.hr\/udzbenik-pk\/index.php?rest_route=\/wp\/v2\/pages\/128\/revisions"}],"predecessor-version":[{"id":1699,"href":"https:\/\/usluge.ict-aac.hr\/udzbenik-pk\/index.php?rest_route=\/wp\/v2\/pages\/128\/revisions\/1699"}],"up":[{"embeddable":true,"href":"https:\/\/usluge.ict-aac.hr\/udzbenik-pk\/index.php?rest_route=\/wp\/v2\/pages\/118"}],"wp:attachment":[{"href":"https:\/\/usluge.ict-aac.hr\/udzbenik-pk\/index.php?rest_route=%2Fwp%2Fv2%2Fmedia&parent=128"}],"wp:term":[{"taxonomy":"post_tag","embeddable":true,"href":"https:\/\/usluge.ict-aac.hr\/udzbenik-pk\/index.php?rest_route=%2Fwp%2Fv2%2Ftags&post=128"}],"curies":[{"name":"wp","href":"https:\/\/api.w.org\/{rel}","templated":true}]}}