{"id":119,"date":"2020-08-26T09:08:53","date_gmt":"2020-08-26T09:08:53","guid":{"rendered":"http:\/\/usluge.ict-aac.hr\/udzbenik-pk\/\/?page_id=119"},"modified":"2021-02-17T14:56:41","modified_gmt":"2021-02-17T14:56:41","slug":"7-5-literatura","status":"publish","type":"page","link":"https:\/\/usluge.ict-aac.hr\/udzbenik-pk\/?page_id=119","title":{"rendered":"7.5 Literatura"},"content":{"rendered":"\n<p>Beck, A. R., Stoner, J. B., Bock, S. J. i Parton, T. (2008). Comparison of PECS and the use of a VOCA: A Replication. <em>Education and Training in Developmental <\/em>Disabilities, <em>43<\/em>, 198\u2013216.<\/p>\n\n\n\n<p>Bondy, A. S. i Frost, L. A. (1998). The picture exchange communication system. <em>Seminars in speech and language,<\/em>\u00a0<em>19<\/em>, (4), 373\u2013389.<\/p>\n\n\n\n<p>Bujas Petkovi\u0107, Z. i Frey \u0160krinjar, J. (2010). <em>Poreme\u0107aji autisti\u010dnog spektra \u2013 Zna\u010dajke i edukacijsko-rehabilitacijska podr\u0161ka<\/em>. \u0160kolska knjiga, Zagreb.<\/p>\n\n\n\n<p>Carr, D. i Felce, J. (2007). Brief report: The effects of PECS teaching to phase III on the communication interactions between children with autism and their teachers. <em>Journal of Autism and Developmental Disorders, 37<\/em>, 724\u2013737.<\/p>\n\n\n\n<p>Charlop-Christy, M. H., Carpenter, M., Le. L., LeBlanc, L. A. i \u00a0Kellet, K. (2002). Using the picture exchange communication system (PECS) with children with autism: assessment of PECS acquisition, speech, social-communicative behavior, and problem behavior. <em>Journal of Applied Behavior Analysis, 35<\/em>, 213\u2013231.<\/p>\n\n\n\n<p>Cooper, J., Heron, T. i Heward, W. (2007). <em>Applied behavior analysis<\/em>. Upper Saddle River, NJ: Pearson and Merril\/Prentice Hall.<\/p>\n\n\n\n<p>Frost, L. i Bondy, A. (2002). <em>Picture Exchange Communication System training manual<\/em> (2nd ed.). Cherry Hill, NJ: Pyramid Educational Consultants.<\/p>\n\n\n\n<p>Hartmann, A. (2019). AAC Tools and Strategies. U: M. \u0160imanovi\u0107 (Ur.). Knjiga sa\u017eetaka, Peti hrvatski simpozij o ranoj intervenciji u djetinjstvu: Rano otkrivanje, dijagnostika i podr\u0161ka kod poreme\u0107aja iz spektra autizma (str. 17). Zagreb: Hrvatska udruga za ranu intervenciju u djetinjstvu \u2013 HURID.<\/p>\n\n\n\n<p>Heflin, J. i Alaimo, D. (2007). <em>Students with Autism Spectrum Disorders: Effective Instructional Practices.<\/em> Upper Saddle River, NJ: Pearson and Merril\/Prentice Hall\u00a0<\/p>\n\n\n\n<p>Koegel, L., Koegel, R., Shoshan, Y. i McNerney, E. (1999). Pivotal response intervention II: Preliminary long-term outcome data. <em>Journal of the Association for Persons with Severe Handicaps, 24<\/em>, 186\u2013198.\u00a0<\/p>\n\n\n\n<p>Ogletree, B. T., Oren, T. i Fischer, M. A. (2007). Examining Effective Intervention Practices for Communication Impairment in Autism Spectrum Disorder. <em>Exceptionality, 15,<\/em> 233\u2013247.<\/p>\n\n\n\n<p>Sigafoos, J., Ganz, J. B., O\u2019Reilly, M., Lancioni, G. E. i Schlosser, R. W., 2007. Assessing correspondence following acquisition of an exchange-based communication system.&nbsp;<em>Research in Developmental Disabilities<\/em>,&nbsp;<em>28 <\/em>(1), 71\u201383.<\/p>\n\n\n\n<p>Von Tetzchner, S. (2018).\u00a0<em>A developmental approach to intervention with augmentative and alternative communication<\/em>. Izlaganje na: 1st International Conference on Augmentative and Alternative Communication \u2013 AAC2018, 18. 11. 2018., Sofija, Bugarska.<\/p>\n\n\n\n<p>Wegner, J. R. (2012). Augmentative and alternative communication strategies: manual signs, picture communication, and speech-generating devices.\u00a0<em>Treatment of autism spectrum disorders: evidence-based intervention strategies for communication and social interaction. Baltimore (MD): Paul H. Brookes<\/em>, 27\u201348.<\/p>\n\n\n\n<p>Wendt, O. (2009). Research on the use of manual signs and graphic symbols in autism spectrum disorders: A systematic review. U: P. Mirenda i T. Iacono (Ur.), <em>Autism spectrum disorders and AAC<\/em>. Baltimore, Maryland, SAD: Paul H. Brookes Publishing Co. 83\u2013140. <\/p>\n\n\n\n<p>Zangari, C., Lloyd, L. i Vicker, B. (1994). Augmentative and alternative communication: An historic perspective.\u00a0<em>Augmentative and alternative communication<\/em>,\u00a0<em>10 <\/em>(1), 27\u201359.<\/p>\n\n\n\n<div class=\"wp-block-buttons is-layout-flex wp-block-buttons-is-layout-flex\">\n<div class=\"wp-block-button\"><a class=\"wp-block-button__link has-background\" href=\"http:\/\/usluge.ict-aac.hr\/udzbenik-pk\/\/?page_id=118\" style=\"background-color:#0292cb\">DALJE<\/a><\/div>\n<\/div>\n\n\n\n<p><\/p>\n","protected":false},"excerpt":{"rendered":"<p>Beck, A. R., Stoner, J. B., Bock, S. J. i Parton, T. (2008). Comparison of PECS and the use of a VOCA: A Replication. Education and Training in Developmental Disabilities, 43, 198\u2013216. Bondy, A. S. i Frost, L. A. (1998). [&hellip;]<\/p>\n","protected":false},"author":1,"featured_media":0,"parent":109,"menu_order":0,"comment_status":"closed","ping_status":"closed","template":"","meta":{"footnotes":""},"tags":[],"class_list":["post-119","page","type-page","status-publish","hentry"],"_links":{"self":[{"href":"https:\/\/usluge.ict-aac.hr\/udzbenik-pk\/index.php?rest_route=\/wp\/v2\/pages\/119","targetHints":{"allow":["GET"]}}],"collection":[{"href":"https:\/\/usluge.ict-aac.hr\/udzbenik-pk\/index.php?rest_route=\/wp\/v2\/pages"}],"about":[{"href":"https:\/\/usluge.ict-aac.hr\/udzbenik-pk\/index.php?rest_route=\/wp\/v2\/types\/page"}],"author":[{"embeddable":true,"href":"https:\/\/usluge.ict-aac.hr\/udzbenik-pk\/index.php?rest_route=\/wp\/v2\/users\/1"}],"replies":[{"embeddable":true,"href":"https:\/\/usluge.ict-aac.hr\/udzbenik-pk\/index.php?rest_route=%2Fwp%2Fv2%2Fcomments&post=119"}],"version-history":[{"count":7,"href":"https:\/\/usluge.ict-aac.hr\/udzbenik-pk\/index.php?rest_route=\/wp\/v2\/pages\/119\/revisions"}],"predecessor-version":[{"id":1694,"href":"https:\/\/usluge.ict-aac.hr\/udzbenik-pk\/index.php?rest_route=\/wp\/v2\/pages\/119\/revisions\/1694"}],"up":[{"embeddable":true,"href":"https:\/\/usluge.ict-aac.hr\/udzbenik-pk\/index.php?rest_route=\/wp\/v2\/pages\/109"}],"wp:attachment":[{"href":"https:\/\/usluge.ict-aac.hr\/udzbenik-pk\/index.php?rest_route=%2Fwp%2Fv2%2Fmedia&parent=119"}],"wp:term":[{"taxonomy":"post_tag","embeddable":true,"href":"https:\/\/usluge.ict-aac.hr\/udzbenik-pk\/index.php?rest_route=%2Fwp%2Fv2%2Ftags&post=119"}],"curies":[{"name":"wp","href":"https:\/\/api.w.org\/{rel}","templated":true}]}}