{"id":1029,"date":"2020-09-18T15:03:14","date_gmt":"2020-09-18T15:03:14","guid":{"rendered":"http:\/\/usluge.ict-aac.hr\/udzbenik-pk\/\/?page_id=1029"},"modified":"2021-02-16T17:44:45","modified_gmt":"2021-02-16T17:44:45","slug":"ruzica-magusic","status":"publish","type":"page","link":"https:\/\/usluge.ict-aac.hr\/udzbenik-pk\/?page_id=1029","title":{"rendered":"Ru\u017eica Magu\u0161i\u0107"},"content":{"rendered":"\n<figure class=\"wp-block-image size-large is-resized\"><img loading=\"lazy\" decoding=\"async\" src=\"http:\/\/usluge.ict-aac.hr\/udzbenik-pk\/\/wp-content\/uploads\/2020\/09\/Ruzica-M..jpg\" alt=\"\" class=\"wp-image-1142\" width=\"203\" height=\"400\"\/><\/figure>\n\n\n\n<p><strong>Ru\u017eica Magu\u0161i\u0107<\/strong>\u00a0ro\u0111ena je 1981. godine u Na\u0161icama. Godine 2008. diplomirala je logopediju na Edukacijsko-rehabilitacijskom fakultetu u Zagrebu. Do 2010. godine radila je na rehabilitaciji slu\u0161anja i govora djece s o\u0161te\u0107enjima sluha u Dnevnom centru za rehabilitaciju &#8220;Slava Ra\u0161kaj&#8221; u Rijeci.\u00a0Krajem 2010. godine po\u010dinje raditi u Centru za odgoj i obrazovanje Dubrava gdje po\u010dinje raditi s korisnicima na usvajanju potpomognute komunikacije te razvoju potpomognute komunikacije u Republici Hrvatskoj. Kroz europski projekt <em>Snail Speed<\/em> 2011. i 2012. godine educira se u podru\u010dju potpomognute komunikacije u Centru CIRIUS Kamnik u Sloveniji.\u00a0\u00a0Inicira otvaranje Kabineta za potpomognutu komunikaciju u COO Dubrava. Kabinet je otvoren i za pru\u017eanje usluga u zajednici 2015.\u00a0godine.\u00a0Radi na pru\u017eanju opservacijsko-dijagnosti\u010dkih,\u00a0\u00a0terapijskih te edukacijsko-savjetodavnih usluga za korisnike, njihove obitelji i ostale dionike njihovih \u017eivota, kao i stru\u010dnjake iz drugih ustanova koje pru\u017eaju usluge rehabilitacije, odgoja, obrazovanja, zdravstvene skrbi i rada s korisnicima potpomognute komunikacije te studentima. U\u017ee podru\u010dje interesa su joj dijagnostika i rehabilitacija korisnika tehnologije <em>eyegaze<\/em> te razvoj softverskih rje\u0161enja koja zadovoljavaju specifi\u010dnosti hrvatskog jezika. Sura\u0111uje s AT i AAC stru\u010dnjacima iz Hrvatske, Amerike, \u0160vedske, UK i drugih zemalja. \u010clanica je ISAAC Built committee. Trenuta\u010dno radi na usvajanjima sustava potpomognute komunikacije u sklopu logopedske ambulante za asistivnu tehnologiju u\u00a0Specijalnoj bolnici za za\u0161titu djece s neurorazvojnim i motori\u010dkim smetnjama u Zagrebu.\u00a0<\/p>\n","protected":false},"excerpt":{"rendered":"<p>Ru\u017eica Magu\u0161i\u0107\u00a0ro\u0111ena je 1981. godine u Na\u0161icama. Godine 2008. diplomirala je logopediju na Edukacijsko-rehabilitacijskom fakultetu u Zagrebu. Do 2010. godine radila je na rehabilitaciji slu\u0161anja i govora djece s o\u0161te\u0107enjima sluha u Dnevnom centru za rehabilitaciju &#8220;Slava Ra\u0161kaj&#8221; u Rijeci.\u00a0Krajem [&hellip;]<\/p>\n","protected":false},"author":3,"featured_media":0,"parent":360,"menu_order":0,"comment_status":"closed","ping_status":"closed","template":"","meta":{"footnotes":""},"tags":[],"class_list":["post-1029","page","type-page","status-publish","hentry"],"_links":{"self":[{"href":"https:\/\/usluge.ict-aac.hr\/udzbenik-pk\/index.php?rest_route=\/wp\/v2\/pages\/1029","targetHints":{"allow":["GET"]}}],"collection":[{"href":"https:\/\/usluge.ict-aac.hr\/udzbenik-pk\/index.php?rest_route=\/wp\/v2\/pages"}],"about":[{"href":"https:\/\/usluge.ict-aac.hr\/udzbenik-pk\/index.php?rest_route=\/wp\/v2\/types\/page"}],"author":[{"embeddable":true,"href":"https:\/\/usluge.ict-aac.hr\/udzbenik-pk\/index.php?rest_route=\/wp\/v2\/users\/3"}],"replies":[{"embeddable":true,"href":"https:\/\/usluge.ict-aac.hr\/udzbenik-pk\/index.php?rest_route=%2Fwp%2Fv2%2Fcomments&post=1029"}],"version-history":[{"count":5,"href":"https:\/\/usluge.ict-aac.hr\/udzbenik-pk\/index.php?rest_route=\/wp\/v2\/pages\/1029\/revisions"}],"predecessor-version":[{"id":1637,"href":"https:\/\/usluge.ict-aac.hr\/udzbenik-pk\/index.php?rest_route=\/wp\/v2\/pages\/1029\/revisions\/1637"}],"up":[{"embeddable":true,"href":"https:\/\/usluge.ict-aac.hr\/udzbenik-pk\/index.php?rest_route=\/wp\/v2\/pages\/360"}],"wp:attachment":[{"href":"https:\/\/usluge.ict-aac.hr\/udzbenik-pk\/index.php?rest_route=%2Fwp%2Fv2%2Fmedia&parent=1029"}],"wp:term":[{"taxonomy":"post_tag","embeddable":true,"href":"https:\/\/usluge.ict-aac.hr\/udzbenik-pk\/index.php?rest_route=%2Fwp%2Fv2%2Ftags&post=1029"}],"curies":[{"name":"wp","href":"https:\/\/api.w.org\/{rel}","templated":true}]}}