{"id":1023,"date":"2020-09-18T15:01:17","date_gmt":"2020-09-18T15:01:17","guid":{"rendered":"http:\/\/usluge.ict-aac.hr\/udzbenik-pk\/\/?page_id=1023"},"modified":"2021-02-16T17:42:52","modified_gmt":"2021-02-16T17:42:52","slug":"jasmina-ivsac-pavlisa","status":"publish","type":"page","link":"https:\/\/usluge.ict-aac.hr\/udzbenik-pk\/?page_id=1023","title":{"rendered":"Jasmina Iv\u0161ac Pavli\u0161a"},"content":{"rendered":"\n<figure class=\"wp-block-image size-large is-resized\"><img loading=\"lazy\" decoding=\"async\" src=\"http:\/\/usluge.ict-aac.hr\/udzbenik-pk\/\/wp-content\/uploads\/2020\/09\/jasmina-IPaaa.jpg\" alt=\"\" class=\"wp-image-1344\" width=\"200\" height=\"267\"\/><\/figure>\n\n\n\n<p><strong>Jasmina Iv\u0161ac Pavli\u0161a<\/strong> izvanredna je profesorica na Edukacijsko-rehabilitacijskom fakultetu Sveu\u010dili\u0161ta u Zagrebu gdje radi na Odsjeku za logopediju. Zavr\u0161ila je studij logopedije na spomenutom fakultetu 2001. godine. Iste godine po\u010dinje raditi kao znanstvena novakinja na Odsjeku za logopediju Edukacijsko-rehabilitacijskog fakulteta. Njezin interesi vezani su uz rano prepoznavanje odstupanja u komunikaciji i jezi\u010dnome razvoju, metode poticanja te razvoj i implementaciju potpomognute komunikacije. Izvodi nastavu na preddiplomskom i diplomskom studiju logopedije iz predmeta usmjerenih na poreme\u0107aje socijalne komunikacije i potpomognutu komunikaciju. Trenuta\u010dno je voditeljica poslijediplomskog specijalisti\u010dkog studija Rana intervencija u edukacijskoj rehabilitaciji. Aktivno sudjeluje u klini\u010dkome radu u Nastavno-klini\u010dkom centru za rehabilitaciju kojeg je vodila u dva navrata (<em><a href=\"http:\/\/www.centar.erf.unizg.hr\" target=\"_blank\" rel=\"noreferrer noopener\">www.centar.erf.unizg.hr<\/a><\/em>). Stru\u010dni rad obavlja u Kabinetu za ranu komunikaciju istoga centra. Aktivno je pridonijela provedbi nekoliko multidisciplinarnih projekata usmjerenih na razvoj nisko i visokotehnolo\u0161kih oblika potpomognute komunikacije (primjerice, projekti ICT-AAC, Uskla\u0111ivanje roditeljstva i poslovnog \u017eivota putem multidisciplinarnih socijalnih usluga \u2013 MULTI-SKLAD). \u00a0<\/p>\n","protected":false},"excerpt":{"rendered":"<p>Jasmina Iv\u0161ac Pavli\u0161a izvanredna je profesorica na Edukacijsko-rehabilitacijskom fakultetu Sveu\u010dili\u0161ta u Zagrebu gdje radi na Odsjeku za logopediju. Zavr\u0161ila je studij logopedije na spomenutom fakultetu 2001. godine. Iste godine po\u010dinje raditi kao znanstvena novakinja na Odsjeku za logopediju Edukacijsko-rehabilitacijskog fakulteta. [&hellip;]<\/p>\n","protected":false},"author":3,"featured_media":0,"parent":360,"menu_order":0,"comment_status":"closed","ping_status":"closed","template":"","meta":{"footnotes":""},"tags":[],"class_list":["post-1023","page","type-page","status-publish","hentry"],"_links":{"self":[{"href":"https:\/\/usluge.ict-aac.hr\/udzbenik-pk\/index.php?rest_route=\/wp\/v2\/pages\/1023","targetHints":{"allow":["GET"]}}],"collection":[{"href":"https:\/\/usluge.ict-aac.hr\/udzbenik-pk\/index.php?rest_route=\/wp\/v2\/pages"}],"about":[{"href":"https:\/\/usluge.ict-aac.hr\/udzbenik-pk\/index.php?rest_route=\/wp\/v2\/types\/page"}],"author":[{"embeddable":true,"href":"https:\/\/usluge.ict-aac.hr\/udzbenik-pk\/index.php?rest_route=\/wp\/v2\/users\/3"}],"replies":[{"embeddable":true,"href":"https:\/\/usluge.ict-aac.hr\/udzbenik-pk\/index.php?rest_route=%2Fwp%2Fv2%2Fcomments&post=1023"}],"version-history":[{"count":3,"href":"https:\/\/usluge.ict-aac.hr\/udzbenik-pk\/index.php?rest_route=\/wp\/v2\/pages\/1023\/revisions"}],"predecessor-version":[{"id":1633,"href":"https:\/\/usluge.ict-aac.hr\/udzbenik-pk\/index.php?rest_route=\/wp\/v2\/pages\/1023\/revisions\/1633"}],"up":[{"embeddable":true,"href":"https:\/\/usluge.ict-aac.hr\/udzbenik-pk\/index.php?rest_route=\/wp\/v2\/pages\/360"}],"wp:attachment":[{"href":"https:\/\/usluge.ict-aac.hr\/udzbenik-pk\/index.php?rest_route=%2Fwp%2Fv2%2Fmedia&parent=1023"}],"wp:term":[{"taxonomy":"post_tag","embeddable":true,"href":"https:\/\/usluge.ict-aac.hr\/udzbenik-pk\/index.php?rest_route=%2Fwp%2Fv2%2Ftags&post=1023"}],"curies":[{"name":"wp","href":"https:\/\/api.w.org\/{rel}","templated":true}]}}