{"id":1010,"date":"2020-09-18T14:31:53","date_gmt":"2020-09-18T14:31:53","guid":{"rendered":"http:\/\/usluge.ict-aac.hr\/udzbenik-pk\/\/?page_id=1010"},"modified":"2021-02-16T17:38:52","modified_gmt":"2021-02-16T17:38:52","slug":"ana-marija-bohacek","status":"publish","type":"page","link":"https:\/\/usluge.ict-aac.hr\/udzbenik-pk\/?page_id=1010","title":{"rendered":"Ana Marija Boha\u010dek"},"content":{"rendered":"\n<figure class=\"wp-block-image size-large is-resized\"><img loading=\"lazy\" decoding=\"async\" src=\"http:\/\/usluge.ict-aac.hr\/udzbenik-pk\/\/wp-content\/uploads\/2020\/09\/AnaMarija-B..jpg\" alt=\"\" class=\"wp-image-1133\" width=\"200\" height=\"267\"\/><\/figure>\n\n\n\n<p><strong>Ana-Marija Boha\u010dek<\/strong> ro\u0111ena je 1983. godine u Zagrebu. Diplomirala je 2006. godine na Edukacijsko-rehabilitacijskom fakultetu Sveu\u010dili\u0161ta u Zagrebu, smjer Edukacijska-rehabilitacija. Godine 2017. zavr\u0161ava specijalisti\u010dki studij rane intervencije u djetinjstvu. Od 2007. godine radi kao stru\u010dna suradnica u Nastavno-klini\u010dkom centru Edukacijsko-rehabilitacijskog fakulteta, a od 2018. kao asistentica na istom fakultetu. Djeluje u podru\u010dju rane intervencije u djetinjstvu, a njezini su interesi vezani uz prou\u010davanje obilje\u017eja interakcije izme\u0111u djece rane dobi i roditelja, metoda poticanja djece rane dobi s te\u0161ko\u0107ama u razvoju, te je usmjerena na razvoj roditeljskih programa. Sudjeluje u projektima vezanima za promicanje obitelji usmjerenog pristupa i potpomognute komunikacije u ranoj intervenciji. Redovito izla\u017ee na doma\u0107im i me\u0111unarodnim kongresima vezanima uz ranu intervenciju te je voditeljica desetak edukativnih grupa roditelja i djece s te\u0161ko\u0107ama socijalne komunikacije. \u010clanica je Upravnog odbora Hrvatske udruge za ranu intervenciju u djetinjstvu (HURID).<\/p>\n\n\n\n<div class=\"wp-block-buttons is-layout-flex wp-block-buttons-is-layout-flex\"><\/div>\n\n\n\n<p><\/p>\n","protected":false},"excerpt":{"rendered":"<p>Ana-Marija Boha\u010dek ro\u0111ena je 1983. godine u Zagrebu. Diplomirala je 2006. godine na Edukacijsko-rehabilitacijskom fakultetu Sveu\u010dili\u0161ta u Zagrebu, smjer Edukacijska-rehabilitacija. Godine 2017. zavr\u0161ava specijalisti\u010dki studij rane intervencije u djetinjstvu. Od 2007. godine radi kao stru\u010dna suradnica u Nastavno-klini\u010dkom centru Edukacijsko-rehabilitacijskog [&hellip;]<\/p>\n","protected":false},"author":3,"featured_media":0,"parent":360,"menu_order":0,"comment_status":"closed","ping_status":"closed","template":"","meta":{"footnotes":""},"tags":[],"class_list":["post-1010","page","type-page","status-publish","hentry"],"_links":{"self":[{"href":"https:\/\/usluge.ict-aac.hr\/udzbenik-pk\/index.php?rest_route=\/wp\/v2\/pages\/1010","targetHints":{"allow":["GET"]}}],"collection":[{"href":"https:\/\/usluge.ict-aac.hr\/udzbenik-pk\/index.php?rest_route=\/wp\/v2\/pages"}],"about":[{"href":"https:\/\/usluge.ict-aac.hr\/udzbenik-pk\/index.php?rest_route=\/wp\/v2\/types\/page"}],"author":[{"embeddable":true,"href":"https:\/\/usluge.ict-aac.hr\/udzbenik-pk\/index.php?rest_route=\/wp\/v2\/users\/3"}],"replies":[{"embeddable":true,"href":"https:\/\/usluge.ict-aac.hr\/udzbenik-pk\/index.php?rest_route=%2Fwp%2Fv2%2Fcomments&post=1010"}],"version-history":[{"count":7,"href":"https:\/\/usluge.ict-aac.hr\/udzbenik-pk\/index.php?rest_route=\/wp\/v2\/pages\/1010\/revisions"}],"predecessor-version":[{"id":1631,"href":"https:\/\/usluge.ict-aac.hr\/udzbenik-pk\/index.php?rest_route=\/wp\/v2\/pages\/1010\/revisions\/1631"}],"up":[{"embeddable":true,"href":"https:\/\/usluge.ict-aac.hr\/udzbenik-pk\/index.php?rest_route=\/wp\/v2\/pages\/360"}],"wp:attachment":[{"href":"https:\/\/usluge.ict-aac.hr\/udzbenik-pk\/index.php?rest_route=%2Fwp%2Fv2%2Fmedia&parent=1010"}],"wp:term":[{"taxonomy":"post_tag","embeddable":true,"href":"https:\/\/usluge.ict-aac.hr\/udzbenik-pk\/index.php?rest_route=%2Fwp%2Fv2%2Ftags&post=1010"}],"curies":[{"name":"wp","href":"https:\/\/api.w.org\/{rel}","templated":true}]}}